


{"id":1994,"date":"2015-03-26T12:58:51","date_gmt":"2015-03-26T12:58:51","guid":{"rendered":"http:\/\/rhythmwp.staging.wpengine.com\/?page_id=1994"},"modified":"2015-03-26T12:58:51","modified_gmt":"2015-03-26T12:58:51","slug":"contact","status":"publish","type":"page","link":"http:\/\/lentesdiverxentes.com\/index.php\/contact\/","title":{"rendered":"Contact"},"content":{"rendered":"<section  class=\"content-section full-width with-col cover no-padding custom-margin    content-section-69f25b08b73b4\"><div class=\"row vc_row-fluid\"><div class=\"wpb_column col-md-12\"><h2  class=\"section-title  mb-70 mb-sm-40 font-alt align-center\" >Have a Question?<\/h2><\/div><\/div><\/section><section  class=\"content-section full-width with-col cover no-padding custom-margin    content-section-69f25b08b7457\"><div class=\"row vc_row-fluid\"><div class=\"wpb_column col-md-8 col-lg-offset-2\"><section  class=\"content-section full-width with-col cover rella-no-padding rella-no-margin    content-section-69f25b08b74bc\"><div class=\"row vc_row-fluid\"><div class=\"wpb_column col-md-4 col-sm-6\"><div class=\"pt-20 pb-20 pb-xs-0\" ><div class=\"contact-item\"><div class=\"ci-icon \" ><i class=\"fa fa-phone\"><\/i><\/div><div class=\"ci-title font-alt\" >Call Us<\/div><div class=\"ci-text\" style=\"font-size:15px;\">+61 3 8376 6284<\/div><\/div><\/div><\/div><div class=\"wpb_column col-md-4 col-sm-6\"><div class=\"pt-20 pb-20 pb-xs-0\" ><div class=\"contact-item\"><div class=\"ci-icon \" ><i class=\"fa fa-map-marker\"><\/i><\/div><div class=\"ci-title font-alt\" style=\"font-size:12px;\">ADDRESS<\/div><div class=\"ci-text\" style=\"font-size:15px;\">245 Quigley Blvd, Ste K<\/div><\/div><\/div><\/div><div class=\"wpb_column col-md-4 col-sm-6\"><div class=\"pt-20 pb-20 pb-xs-0\" ><div class=\"contact-item\"><div class=\"ci-icon \" ><i class=\"fa fa-envelope\"><\/i><\/div><div class=\"ci-title font-alt\" >EMAIL <\/div><div class=\"ci-text\" style=\"font-size:15px;\">support@yourcompany.com<\/div><\/div><\/div><\/div><\/div><\/section><\/div><\/div><\/section><section  class=\"content-section full-width with-col cover no-padding mb-140 mb-xs-70    content-section-69f25b08b75bf\"><div class=\"row vc_row-fluid\"><div class=\"wpb_column col-md-8 col-lg-offset-2\"><div  class=\"rs-contact-form\"><div role=\"form\" class=\"wpcf7\" id=\"wpcf7-f1745-o1\" lang=\"en-US\" dir=\"ltr\">\n<div class=\"screen-reader-response\"><\/div>\n<form action=\"\/index.php\/wp-json\/wp\/v2\/pages\/1994#wpcf7-f1745-o1\" method=\"post\" class=\"wpcf7-form\" novalidate=\"novalidate\">\n<div style=\"display: none;\">\n<input type=\"hidden\" name=\"_wpcf7\" value=\"1745\" \/>\n<input type=\"hidden\" name=\"_wpcf7_version\" value=\"5.1.1\" \/>\n<input type=\"hidden\" name=\"_wpcf7_locale\" value=\"en_US\" \/>\n<input type=\"hidden\" name=\"_wpcf7_unit_tag\" value=\"wpcf7-f1745-o1\" \/>\n<input type=\"hidden\" name=\"_wpcf7_container_post\" value=\"0\" \/>\n<input type=\"hidden\" name=\"g-recaptcha-response\" value=\"\" \/>\n<\/div>\n<div class=\"wpcf7-response-output wpcf7-display-none\"><\/div>\n<p class=\"cf-left-col\"><span class=\"wpcf7-form-control-wrap your-name\"><input type=\"text\" name=\"your-name\" value=\"\" size=\"40\" class=\"wpcf7-form-control wpcf7-text wpcf7-validates-as-required\" aria-required=\"true\" aria-invalid=\"false\" placeholder=\"Name\" \/><\/span><span class=\"wpcf7-form-control-wrap your-email\"><input type=\"email\" name=\"your-email\" value=\"\" size=\"40\" class=\"wpcf7-form-control wpcf7-text wpcf7-email wpcf7-validates-as-required wpcf7-validates-as-email\" aria-required=\"true\" aria-invalid=\"false\" placeholder=\"Email\" \/><\/span><\/p>\n<p class=\"cf-right-col\"><span class=\"wpcf7-form-control-wrap your-message\"><textarea name=\"your-message\" cols=\"40\" rows=\"10\" class=\"wpcf7-form-control wpcf7-textarea\" aria-invalid=\"false\" placeholder=\"Your Message\"><\/textarea><\/span><\/p>\n<p><br><span><span class=\"wpcf7-form-control-wrap acceptance-279\"><span class=\"wpcf7-form-control wpcf7-acceptance\"><span class=\"wpcf7-list-item\"><input type=\"checkbox\" name=\"acceptance-279\" value=\"1\" aria-invalid=\"false\" \/><\/span><\/span><\/span> He le\u00eddo y acepto el <a target=\"_blank\" rel=\"nofollow noopener noreferrer\" href=\"http:\/\/lentesdiverxentes.com\/avisos-legales\">Aviso Legal<\/a> y la <a target=\"_blank\" rel=\"nofollow noopener noreferrer\" href=\"http:\/\/lentesdiverxentes.com\/politica-de-privacidad\">Pol\u00edtica de Privacidad<\/a>.<\/span><br><br><span><span class=\"wpcf7-form-control-wrap acceptance-414\"><span class=\"wpcf7-form-control wpcf7-acceptance\"><span class=\"wpcf7-list-item\"><input type=\"checkbox\" name=\"acceptance-414\" value=\"1\" aria-invalid=\"false\" \/><\/span><\/span><\/span> Declaro, bajo mi propia responsabilidad, ser mayor de 18 a\u00f1os y respondo de manera exclusiva de la veracidad de dicha declaraci\u00f3n.<\/span><br><br><span><span class=\"wpcf7-form-control-wrap acceptance-415\"><span class=\"wpcf7-form-control wpcf7-acceptance\"><span class=\"wpcf7-list-item\"><input type=\"checkbox\" name=\"acceptance-415\" value=\"1\" aria-invalid=\"false\" \/><\/span><\/span><\/span> Acepto recibir la informaci\u00f3n que la entidad considere oportuno enviarme por correo electr\u00f3nico o medio de comunicaci\u00f3n electr\u00f3nica equivalente. (Es posible darse de baja en cualquier momento).<\/span><br><input type=\"submit\" value=\"Submit message\" class=\"wpcf7-form-control wpcf7-submit\" \/><\/p>\n<input type='hidden' class='wpcf7-pum' value='{\"closepopup\":false,\"closedelay\":0,\"openpopup\":false,\"openpopup_id\":0}' \/><\/form><\/div><div class=\"form-tip pt-10\"><i class=\"fa fa-info-circle\"><\/i> All the fields are required<\/div><\/div><\/div><\/div><\/section><section  class=\"content-section full-width is-fluid cover no-padding no-margin    content-section-69f25b08b7e48\"><div class=\"row vc_row-fluid\"><div class=\"wpb_column col-md-12\"><div  class=\"google-map\"><div data-address=\"NW2 4BL, Kilburn, London \" data-lat=\"\" data-long=\"\" data-zoom=\"14\" data-greyscale=\"true\"  class=\"map-canvas\"><\/div><div class=\"map-section\"><div class=\"map-toggle\"><div class=\"mt-icon\"><i class=\"fa fa-map-marker\"><\/i><\/div><div class=\"mt-text font-alt\"><div class=\"mt-open\" >Open the Map <i class=\"fa fa-angle-down\"><\/i><\/div><div class=\"mt-close\" >Close the Map <i class=\"fa fa-angle-up\"><\/i><\/div><\/div><\/div><\/div><\/div><\/div><\/div><\/section>\n","protected":false},"excerpt":{"rendered":"Have a Question?Call Us+61 3 8376 6284ADDRESS245 Quigley Blvd, Ste KEMAIL support@yourcompany.com He le\u00eddo y acepto el Aviso Legal y la Pol\u00edtica de Privacidad. Declaro, bajo mi propia responsabilidad, ser mayor de 18 a\u00f1os y respondo de manera exclusiva de la veracidad de dicha declaraci\u00f3n. Acepto recibir la informaci\u00f3n que la entidad considere oportuno enviarme","protected":false},"author":1,"featured_media":0,"parent":0,"menu_order":0,"comment_status":"open","ping_status":"open","template":"","meta":{"footnotes":""},"class_list":["post-1994","page","type-page","status-publish","hentry"],"_links":{"self":[{"href":"http:\/\/lentesdiverxentes.com\/index.php\/wp-json\/wp\/v2\/pages\/1994","targetHints":{"allow":["GET"]}}],"collection":[{"href":"http:\/\/lentesdiverxentes.com\/index.php\/wp-json\/wp\/v2\/pages"}],"about":[{"href":"http:\/\/lentesdiverxentes.com\/index.php\/wp-json\/wp\/v2\/types\/page"}],"author":[{"embeddable":true,"href":"http:\/\/lentesdiverxentes.com\/index.php\/wp-json\/wp\/v2\/users\/1"}],"replies":[{"embeddable":true,"href":"http:\/\/lentesdiverxentes.com\/index.php\/wp-json\/wp\/v2\/comments?post=1994"}],"version-history":[{"count":0,"href":"http:\/\/lentesdiverxentes.com\/index.php\/wp-json\/wp\/v2\/pages\/1994\/revisions"}],"wp:attachment":[{"href":"http:\/\/lentesdiverxentes.com\/index.php\/wp-json\/wp\/v2\/media?parent=1994"}],"curies":[{"name":"wp","href":"https:\/\/api.w.org\/{rel}","templated":true}]}}