


{"id":3105,"date":"2018-04-15T15:06:38","date_gmt":"2018-04-15T13:06:38","guid":{"rendered":"http:\/\/lentesdiverxentes.com\/?page_id=3105"},"modified":"2018-04-15T15:06:38","modified_gmt":"2018-04-15T13:06:38","slug":"privacidade-aviso-legal","status":"publish","type":"page","link":"http:\/\/lentesdiverxentes.com\/index.php\/privacidade-aviso-legal\/","title":{"rendered":"Privacidade e aviso legal"},"content":{"rendered":"<section  class=\"content-section full-width with-col cover rella-no-padding rella-no-margin    content-section-69e1250c0d5d4\"><div class=\"row vc_row-fluid\"><div class=\"wpb_column col-md-12\"><div class=\"section-text text-block \" ><h2>https:\/\/www.datusmas.com\/legaliza-tu-web\/<\/h2>\n<h2><\/h2>\n<h2>ITACA Software libre<\/h2>\n<div class=\"itemHeader\">\n<h2 class=\"itemTitle\">Aviso Legal<\/h2>\n<\/div>\n<div class=\"itemBody\">\n<div class=\"itemFullText\">\n<p align=\"JUSTIFY\">1) INFORMACI\u00d3N GENERAL. Para dar cumplimiento a lo establecido en la Ley 34\/2002, de 11 de julio, de servicios de la sociedad de la informaci\u00f3n y de comercio electr\u00f3nico, a continuaci\u00f3n se indican los datos de informaci\u00f3n general de este sitio web:<\/p>\n<ul>\n<li>\n<p align=\"JUSTIFY\"><strong>Titular<\/strong>: \u00cdtaca Software Libre, Sociedade Cooperativa Galega<\/p>\n<\/li>\n<li>\n<p align=\"JUSTIFY\"><strong>Direcci\u00f3n<\/strong>: R\u00faa Rafael Alberti, n\u00ba 15 \u2013 Oficina C, 15008, A Coru\u00f1a<\/p>\n<\/li>\n<li>\n<p align=\"JUSTIFY\"><strong>Contacto<\/strong>: <a href=\"mailto:contacta@itacaswl.com\">contacta@itacaswl.com<\/a> \u00f3 881.888.370<\/p>\n<\/li>\n<\/ul>\n<ul>\n<li>\n<p align=\"JUSTIFY\"><strong>Datos Profesionales<\/strong>: Inscrita en el Registro Mercantil de A Coru\u00f1a, al tomo 3258, folio 157, hoja n\u00ba C-42761.<\/p>\n<\/li>\n<\/ul>\n<ul>\n<li>\n<p align=\"JUSTIFY\"><strong>CIF\/NIF<\/strong>: F \u2013 70.356.985<\/p>\n<\/li>\n<li>\n<p align=\"JUSTIFY\">2) CONDICIONES GENERALES DEL PORTAL. El acceso y\/o uso del Portal atribuye a quien lo realiza la condici\u00f3n de Usuario, aceptando, desde ese mismo momento, plenamente y sin reservas alguna, las presentes Condiciones Generales as\u00ed como las Condiciones Particulares que, en su caso, complementen, modifiquen o sustituyan las Condiciones Generales en relaci\u00f3n con determinados servicios y contenidos del Portal.<\/p>\n<\/li>\n<\/ul>\n<p align=\"JUSTIFY\">El titular del Portal podr\u00e1 modificar unilateralmente y sin previo aviso, siempre que lo considere oportuno, la estructura y dise\u00f1o del Portal, as\u00ed como modificar o eliminar, los servicios, los contenidos y las condiciones de acceso y\/o uso del Portal.<\/p>\n<p align=\"JUSTIFY\">3) PROTECCI\u00d3N DE DATOS DE CAR\u00c1CTER PERSONAL. De conformidad con lo establecido en la Ley Org\u00e1nica 15\/1999, de 13 de diciembre, de Protecci\u00f3n de Datos de Car\u00e1cter Personal, el titular del Portal informa al Usuario de que:<\/p>\n<blockquote><p>\n<strong>a) <\/strong>Los datos de car\u00e1cter personal, incluida la direcci\u00f3n de correo electr\u00f3nico, que el Usuario le proporcione al rellenar y enviar los formularios que figuran en el Portal, ser\u00e1n incorporados a los ficheros del titular del Portal para que \u00e9ste pueda efectuar el tratamiento, automatizado o no, de tales datos, as\u00ed como de los que puedan generarse por causa de la correspondiente relaci\u00f3n negocial que, en su caso, el Usuario concierte con el titular del Portal o con los Clientes Finales.\n<\/p><\/blockquote>\n<blockquote><p>\n<strong>b)<\/strong> Las finalidades a que el titular del Portal destinar\u00e1 los datos referidos ser\u00e1n poder prestar los servicios indicados en el Portal, as\u00ed como enviar al Usuario, incluso por correo electr\u00f3nico u otro medio de comunicaci\u00f3n electr\u00f3nica equivalente, informaciones publicitarias o promocionales, de car\u00e1cter general o adaptadas a su perfil comercial, sobre los productos o servicios que el titular del Portal pueda comercializar en cada momento.\n<\/p><\/blockquote>\n<blockquote><p>\n<strong>c) <\/strong>En los formularios que puedan aparecer en el Portal, el Usuario ser\u00e1 adecuadamente informado respecto del car\u00e1cter obligatorio o facultativo de la respuesta a las cuestiones que le sean planteadas, y de las consecuencias de la negativa a facilitar los datos que se le soliciten.\n<\/p><\/blockquote>\n<blockquote><p>\n<strong>d) <\/strong><strong>En el momento de rellenar el correspondiente formulario, el Usuario podr\u00e1 oponerse a la recepci\u00f3n de informaciones publicitarias o promocionales pinchando en la casilla a tal efecto habilitada en aqu\u00e9l. Asimismo, si el Usuario desease revocar en cualquier momento futuro el consentimiento prestado para la recepci\u00f3n de informaciones publicitarias o promocionales por correo electr\u00f3nico u otros medios de comunicaci\u00f3n electr\u00f3nica equivalentes, ser\u00e1 suficiente a tal efecto con que lo notifique al titular del Portal mediante el env\u00edo de un mensaje a la direcci\u00f3n de correo electr\u00f3nico que se indica a continuaci\u00f3n: <a href=\"mailto:contacta@itacaswl.com\">contacta@itacaswl.com<\/a>.<\/strong>\n<\/p><\/blockquote>\n<blockquote><p>\n<strong>e) <\/strong>El Usuario podr\u00e1 ejercitar los derechos de acceso, rectificaci\u00f3n, cancelaci\u00f3n y oposici\u00f3n, de conformidad con lo establecido en la legislaci\u00f3n vigente, dirigi\u00e9ndose por escrito a \u00cdtaca Software Libre, S.L., en la siguiente direcci\u00f3n: R\u00faa Rafael Alberti, n\u00ba 15 \u2013 Oficina C, 15008, A Coru\u00f1a).\n<\/p><\/blockquote>\n<blockquote><p>\n<strong>f) <\/strong><strong>El titular del Portal<\/strong> tratar\u00e1 de forma confidencial los datos de car\u00e1cter personal que el Usuario le proporcione, ajust\u00e1ndose a lo establecido en la Ley Org\u00e1nica 15\/1999, de 13 de diciembre, de Protecci\u00f3n de Datos de Car\u00e1cter Personal, en el Real Decreto 1720\/2007, de 21 de diciembre, y en las normas que la desarrollan o complementan, y con aplicaci\u00f3n de las medidas de \u00edndole t\u00e9cnica y organizativas necesarias que garanticen la seguridad de dichos datos y eviten su alteraci\u00f3n, p\u00e9rdida, tratamiento o acceso no autorizados.\n<\/p><\/blockquote>\n<blockquote><p>\ng) Asimismo, el titular del Portal ha adoptado las medidas y niveles de seguridad exigidos en la normativa vigente en materia de protecci\u00f3n de datos de car\u00e1cter personal, conforme a los datos que almacena y trata.\n<\/p><\/blockquote>\n<blockquote><p>\n4) COOKIES. El titular del Portal puede utilizar <em>cookies <\/em>cuando el Usuario navega por el Portal. Dichas <em>cookies<\/em>, activadas por el servidor cuyo nombre de dominio es <a href=\"http:\/\/www.exsperta.com\/\">www.itacaswl.com<\/a>, son peque\u00f1os ficheros de datos que se almacenan en el ordenador del Usuario y que permiten a nuestros sistemas obtener informaci\u00f3n relativa a la concreta pesta\u00f1a del Portal en la que el Usuario estuvo en su \u00faltima visita al mismo, as\u00ed como a las preferencias del Usuario en su navegaci\u00f3n por el Portal, todo ello con fines estad\u00edsticos y de mejora del servicio y adaptaci\u00f3n de \u00e9ste a las preferencias del Usuario. Dichas <em>cookies <\/em>tienen un per\u00edodo de validez limitado. En cualquier caso, la aceptaci\u00f3n de las <em>cookies <\/em>por el Usuario no es imprescindible para visitar y operar en el Portal, por lo que el Usuario puede oponerse a la utilizaci\u00f3n de las <em>cookies <\/em>configurando su navegador a tal efecto.\n<\/p><\/blockquote>\n<p>5) PROPIEDAD INDUSTRIAL E INTELECTUAL. La totalidad de este Portal web: texto, im\u00e1genes, marcas, logotipo, archivos de audio y v\u00eddeo, botones de software, combinaciones de colores, as\u00ed como la estructura, selecci\u00f3n, ordenaci\u00f3n y presentaci\u00f3n de sus contenidos, se encuentra protegida por las leyes sobre propiedad intelectual con la licencia <a href=\"http:\/\/es.creativecommons.org\/licencia\/\" target=\"_blank\" rel=\"noopener\">Creative Commons<\/a>, bajo las condiciones Reconocimiento-No Comercial-Compartir Igual-Sin Obra Derivada.<\/p>\n<\/div>\n<p>&nbsp;<\/p>\n<div class=\"itemFullText\">\n<blockquote><p>\nEl titular del Portal no ser\u00e1 responsable del contenido de las p\u00e1ginas web de destino que se establezcan mediante v\u00ednculos en el Portal, ni tampoco de las infracciones de derechos de terceros en las que dichas p\u00e1ginas pudieran incurrir. Asimismo, el titular del Portal no se hace responsable de los da\u00f1os y perjuicios de cualquier naturaleza que puedan ocasionarse, a t\u00edtulo enunciativo: errores u omisiones en los contenidos, falta de disponibilidad del portal, la correcta visualizaci\u00f3n, o la correcta transmisi\u00f3n de virus o programas maliciosos o lesivos en los contenidos, a pesar de haber adoptado todas las medidas tecnol\u00f3gicas necesarias para evitarlo.\n<\/p><\/blockquote>\n<blockquote><p>\n6) LEGISLACI\u00d3N APLICABLE. Las relaciones establecidas entre el Usuario y el titular del Portal, se regir\u00e1n por lo dispuesto en la normativa vigente del ordenamiento jur\u00eddico espa\u00f1ol acerca de la legislaci\u00f3n aplicable y la jurisdicci\u00f3n competente. No obstante, para los casos en los que la normativa permita a las partes la posibilidad de someterse voluntariamente a un fuero, el titular del Portal y el Usuario, con renuncia expresa a cualquier otro fuero que pudiera corresponderles, se someten al de los Juzgados y Tribunales de la ciudad de A Coru\u00f1a.\n<\/p><\/blockquote>\n<\/div>\n<\/div>\n<h2>MONTA\u00d1EIROS CELTAS<\/h2>\n<div id=\"aviso_legal\">\n<p>O presente aviso legal establece as condici\u00f3ns de uso do sitio web \u201cwww.celtas.net\u201d en adiante web, que Club Monta\u00f1eiros Celtas, (en adiante, a asociaci\u00f3n), con domicilio en Avda. Camelias, 78, oficina K \u2013 36211 Vigo e con direcci\u00f3n de correo electr\u00f3nico info@celtas.net, CIF n\u00famero G-36637890, e inscrita no Rexistro de Asociaci\u00f3ns de Pontevedra .<\/p>\n<p>O acceso \u00f3 sitio web atrib\u00fae a condici\u00f3n de Usuario e implica a aceptaci\u00f3n plena e sen reservas por parte do Usuario, de todas e cada unha das condici\u00f3ns engadidas neste Aviso legal.<\/p>\n<p>T\u00f3dolos dereitos de propiedade intelectual do dominio web, as\u00ed como dos contidos pertencen, ben \u00e1 empresa, ben a terceiras persoas, polo que ning\u00fan Usuario est\u00e1 autorizado a facer uso deles, nin imprimilos nin almacenalos baixo ning\u00fan soporte f\u00edsico en ning\u00fan caso que non sexa o da s\u00faa utilizaci\u00f3n persoal e privada. Quedando, pois prohibida a modificaci\u00f3n, descompilaci\u00f3n ou a utilizaci\u00f3n comercial de calquera parte da mesma.<\/p>\n<p>Tan s\u00f3 se autoriza a utilizaci\u00f3n dos contidos do dominio web con fins informativos e de servizo, sempre que se cite ou se faga referencia \u00e1 fonte, sendo o Usuario, o \u00fanico responsable do mal uso dos mesmos.<\/p>\n<p>Para acceder \u00e1 informaci\u00f3n contida no web e hacer uso dos servizos ofrecidos, os menores de idade deben obter previamente permiso de seus pais, titores ou representantes legais.<\/p>\n<p>Os datos, textos, informaci\u00f3ns, gr\u00e1ficos ou v\u00ednculos publicados na web, son recompilados con efectos meramente informativos para todas aquelas persoas interesadas nos mesmos sen que, o seu acceso, xere relaci\u00f3n comercial, contractual ou profesional entre os Usuarios e a empresa. En caso de discrepancia entre a informaci\u00f3n contida no el sitio web e a contida no papel, estar\u00e1se a esta \u00faltima. A empresa res\u00e9rvase o dereito de modificar os contidos do dominio web sen previo aviso.<\/p>\n<p>As ligaz\u00f3ns e hipertexto que, no seu caso, posibiliten o acceso a trav\u00e9s del sitio web a prestaci\u00f3ns e servizos ofrecidos por terceiros, non pertencen nin se atopan baixo o control da empresa, polo que non se fai respons\u00e1bel nin da informaci\u00f3n contida nos mesmos nin de calquer efectos que puideran derivarse de dita informaci\u00f3n.<\/p>\n<p>Inf\u00f3rmase que os datos engadidos neste formulario, conforme ao previsto na Lei Org\u00e1nica 15\/1999 de Protecci\u00f3n de Datos de Car\u00e1cter Persoal, formar\u00e1n parte dun ficheiro automatizado responsabilidade da empresa.<\/p>\n<p>A finalidade do tratamento \u00e9 informar \u00f3s interesados sobre a empresa, os seus servizos e\/ou productos. En caso de negarse a comunicar os datos poder\u00eda ser imposible informarlo.<\/p>\n<p>Poder\u00e1 dirixir as s\u00faas comunicaci\u00f3ns e exercitar os dereitos de acceso, rectificaci\u00f3n, cancelaci\u00f3n e oposici\u00f3n na direcci\u00f3n de correo electr\u00f3nico, ou correo postal arriba indicada.<\/p>\n<p>Os datos proporcionados polo Usuario a trav\u00e9s da web e\/ou correo electr\u00f3nico poder\u00e1n ser empregados para o env\u00edo de publicidade tanto a trav\u00e9s de mensaxes sms a m\u00f3bil, como por correo electr\u00f3nico.<\/p>\n<p>O Usuario ten terminantemente prohibido introducir calquera tipo de virus no dominio web, as\u00ed como intentar acceder \u00f3s datos do mesmo, modificalos, acceder \u00e1s contas de correo, mensaxes, etc.<\/p>\n<p>A empresa non garante a calidade, exactitude, fiabilidade, correcci\u00f3n ou moralidade dos datos, programas, informaci\u00f3ns ou opini\u00f3ns, cualquera que sexa a orixe, que circulen pola s\u00faa rede ou polas redes \u00e1s que o Usuario poida acceder a trav\u00e9s da web. O Cliente acepta expresamente deixar exenta \u00e1 empresa de cualquera responsabilidade relacionada coa web. O Usuario asume baixo a s\u00faa exclusiva responsabilidade as consecuencias, danos ou acci\u00f3ns que puideran derivarse do acceso a ditos contidos as\u00ed como da s\u00faa reproducci\u00f3n ou difusi\u00f3n.<\/p>\n<p>A empresa non ser\u00e1 respons\u00e1bel das infracci\u00f3ns de cualquera Usuario que afecten \u00f3s dereitos de outro Usuario da web, ou de terceiros, engadindo os dereitos de copyright, marcas, patentes, informaci\u00f3n confidencial e cualquer outro dereito de propiedade intelectual ou industrial.<\/p>\n<p>A empresa far\u00e1 uso das acci\u00f3ns civ\u00eds ou penais que por lei corresponda, ante cualquera utilizaci\u00f3n indebida do seu dominio web. Os litixios que puideran xurdir en relaci\u00f3n a este dominio rexiranse \u00fanicamente polo dereito espa\u00f1ol, somet\u00e9ndose \u00f3s Xulgados e Tribunais competentes na provincia de XXX.<\/p>\n<\/div>\n<h2>AGPD<\/h2>\n<h1>Pol\u00edtica de privacidade e aviso legal.<\/h1>\n<h2 class=\"\">\u00a0 Pol\u00edtica de privacidade:<\/h2>\n<p class=\"\">A trav\u00e9s deste sitio web non se solicitan datos de car\u00e1cter persoal dos usuarios sen o seu co\u00f1ecemento, nin se ceden a terceiros.<\/p>\n<p class=\"\">Coa finalidade de ofrecerlle o mellor servizo e co obxecto de facilitar o uso, anal\u00edzanse o n\u00famero de p\u00e1xinas visitadas, o n\u00famero de visitas, as\u00ed como a actividade dos visitantes e a s\u00faa frecuencia de utilizaci\u00f3n. A estes efectos, a AEPD utiliza a informaci\u00f3n estat\u00edstica elaborada polo Provedor de Servizos de Internet.<\/p>\n<p class=\"\">A AEPD non utiliza cookies para recoller informaci\u00f3n dos usuarios, nin rexistra as direcci\u00f3ns IP de acceso. Unicamente util\u00edzanse cookies propias,\u00a0 de sesi\u00f3n, con finalidade t\u00e9cnica (aquelas que permiten ao usuario a navegaci\u00f3n a trav\u00e9s do sitio web e a utilizaci\u00f3n das diferentes opci\u00f3ns e servizos que nela existen).<\/p>\n<p class=\"\">O portal do que \u00e9 titular a AEPD cont\u00e9n ligaz\u00f3ns a sitios web de terceiros, cuxas pol\u00edticas de privacidade son alleas \u00e1 da AEPD. Ao acceder a tales sitios web vostede pode decidir se acepta as s\u00faas pol\u00edticas de privacidade e de cookies. Con car\u00e1cter xeral, se navega por internet vostede pode aceptar ou rexeitar as cookies de terceiros desde as opci\u00f3ns de configuraci\u00f3n do seu navegador.<\/p>\n<p class=\"\">En cumprimento do previsto polo artigo 5 do LOPD, inf\u00f3rmase que os datos de car\u00e1cter persoal que se solicitan directamente do usuario a trav\u00e9s dos distintos recursos dispo\u00f1ibles no portal, ser\u00e1n tratados de forma confidencial e quedar\u00e1n incorporados aos respectivos <a class=\"sin_estilos\" title=\"Ir a 'ficheiros' \" href=\"https:\/\/www.agpd.es\/portalwebAGPD\/ficheros_inscritos\/titularidad_publica\/index-idgl-idphp.php\" target=\"_self\">ficheiros<\/a> dos que \u00e9 responsable a AEPD, coas finalidades que se detallan no <a class=\"sin_estilos\" title=\"Ir a 'Rexistro Xeral de Protecci\u00f3n de Datos' \" href=\"https:\/\/www.agpd.es\/portalwebAGPD\/ficheros_inscritos\/titularidad_publica\/busqueda_general\/index-idgl-idphp.php\" target=\"_self\">Rexistro Xeral de Protecci\u00f3n de Datos<\/a> non sendo utilizados para finalidades incompatibles con estas. Os datos solicitados poder\u00e1n ser cedidos nos casos previstos, para cada ficheiro, no devandito Rexistro.<\/p>\n<p class=\"\">Os afectados poden exercitar os dereitos de acceso, rectificaci\u00f3n, cancelaci\u00f3n e oposici\u00f3n ante a AEPD, mediante escrito dirixido \u00e1 s\u00faa Secretar\u00eda Xeral, na r\u00faa Jorge Juan, n\u00ba 6, 28001 Madrid.<\/p>\n<h2 class=\"\">\u00a0 Aviso legal:<\/h2>\n<p class=\"\">Este portal, cuxo titular \u00e9 a Axencia Espa\u00f1ola de Protecci\u00f3n de Datos (AEPD), con NIF Q2813014D, domicilio na r\u00faa Jorge Juan, n\u00ba6, 28001 Madrid, e tel\u00e9fono 901 100 099, est\u00e1 constitu\u00eddo polos sitios web asociados aos dominios agpd.es, sedeagpd.gob.es, tudecideseninternet.es e redipd.org.<\/p>\n<p class=\"\"><span class=\" textonegrita\">Propiedade intelectual e industrial<\/span><\/p>\n<p class=\"\">O dese\u00f1o do portal e os seus c\u00f3digos fonte, as\u00ed como os logos, marcas e demais signos distintivos que aparecen no mesmo pertencen \u00e1 AEPD e est\u00e1n protexidos polos correspondentes dereitos de propiedade intelectual e industrial.<\/p>\n<p class=\"\"><span class=\" textonegrita\">Responsabilidade dos contidos<\/span><\/p>\n<p class=\"\">A AEPD non se fai responsable da legalidade doutros sitios web de terceiros desde os que poida accederse ao portal. A AEPD tampouco responde pola legalidade doutros sitios web de terceiros, que puidesen estar vinculados ou enlazados desde este portal.<\/p>\n<p class=\"\">A AEPD res\u00e9rvase o dereito a realizar cambios no sitio web sen previo aviso, ao obxecto de manter actualizada a s\u00faa informaci\u00f3n, engadindo, modificando, corrixindo ou eliminando\u00a0 os contidos publicados ou o dese\u00f1o do portal.<\/p>\n<p class=\"\">A AEPD non ser\u00e1 responsable do uso que terceiros fagan da informaci\u00f3n publicada no portal, nin tampouco dos danos sufridos ou perdas econ\u00f3micas que, de forma directa ou indirecta, produzan ou poidan producir prexu\u00edzos econ\u00f3micos, materiais ou sobre datos, provocados polo uso da devandita informaci\u00f3n.<\/p>\n<p class=\"\"><span class=\" textonegrita\">Reproduci\u00f3n de contidos<\/span><\/p>\n<p class=\"\">Proh\u00edbese a reproduci\u00f3n total ou parcial dos contidos publicados no portal. No entanto, os contidos que sexan considerados como datos abertos na Sede Electr\u00f3nica, publicados segundo o previsto no Real Decreto 1495\/2011, de 24 de outubro, de desenvolvemento da Lei 37\/2007, sobre reutilizaci\u00f3n da informaci\u00f3n do sector p\u00fablico, para o \u00e1mbito do sector p\u00fablico estatal, poder\u00e1n ser obxecto de reproduci\u00f3n nos termos contidos no seguinte <a class=\" \" title=\"Ir a 'Aviso.' Se abre en ventana nueva\" href=\"https:\/\/sedeagpd.gob.es\/sede-electronica-web\/vistas\/formDatosAbiertos\/seccionDatosAbiertos.jsf;jsessionid=C660C4295F5F8B54969C2F5D7B145EFD\" target=\"_blank\" rel=\"noopener\">Aviso.<\/a><\/p>\n<p class=\"\"><span class=\" textonegrita\">Rexistro Xeral de Protecci\u00f3n de Datos<\/span><\/p>\n<p class=\"\">A informaci\u00f3n sobre ficheiros inscritos no Rexistro Xeral de Protecci\u00f3n de Datos publ\u00edcase de acordo co previsto no artigo 14 da Lei Org\u00e1nica 15\/1999, de 13 de decembro, de Protecci\u00f3n de Datos de Car\u00e1cter Persoal (LOPD).<\/p>\n<p class=\"\">A reproduci\u00f3n total ou parcial, incluso o envorcado do contido do Rexistro a calquera soporte, esixir\u00e1 expr\u00e9saa autorizaci\u00f3n da AEPD.<\/p>\n<p class=\"\">Os datos de car\u00e1cter persoal inclu\u00eddos no Rexistro non poder\u00e1n ser obxecto de tratamento, nin usarse para finalidades distintas \u00e1 desta publicaci\u00f3n.<\/p>\n<p class=\"\"><span class=\" textonegrita\">Sede Electr\u00f3nica<\/span><\/p>\n<p class=\"\">De acordo co establecido polo artigo 7 do Real Decreto 1671\/2009, de 6 de novembro, polo que se desenvolve parcialmente a Lei 11\/2007, de 22 de xu\u00f1o, de acceso electr\u00f3nico dos cidad\u00e1ns aos servizos p\u00fablicos, a AEPD responsabil\u00edzase da integridade, veracidade e actualizaci\u00f3n da informaci\u00f3n e os servizos aos que poida accederse a trav\u00e9s da s\u00faa Sede Electr\u00f3nica (<a class=\" \" title=\"Ir a 'https:\/\/sedeagpd.gob.es\/' Se abre en ventana nueva\" href=\"https:\/\/sedeagpd.gob.es\/sede-electronica-web\/\" target=\"_blank\" rel=\"noopener\">https:\/\/sedeagpd.gob.es\/<\/a>).<\/p>\n<p class=\"\"><span class=\" textonegrita\">Portal de transparencia<\/span><\/p>\n<p class=\"\">A trav\u00e9s da informaci\u00f3n publicada no portal de transparencia, a AEPD atende de forma peri\u00f3dica e actualizada o principio de publicidade activa establecido pola Lei 19\/2013, de 9 de decembro, de transparencia, acceso \u00e1 informaci\u00f3n p\u00fablica e bo goberno, cos mecanismos adecuados para facilitar a accesibilidade, a interoperabilidade, a calidade e a reutilizaci\u00f3n da informaci\u00f3n, as\u00ed como a s\u00faa identificaci\u00f3n e localizaci\u00f3n.<\/p>\n<p class=\"\"><span class=\" textonegrita\">Lei aplicable<\/span><\/p>\n<p class=\"\">A lei aplicable en caso de disputa ou conflito de interpretaci\u00f3n dos termos que conforman este aviso legal, as\u00ed como calquera cuesti\u00f3n relacionada cos servizos do presente portal, ser\u00e1 a lei espa\u00f1ola.<\/p>\n<\/div><\/div><\/div><\/section>\n","protected":false},"excerpt":{"rendered":"https:\/\/www.datusmas.com\/legaliza-tu-web\/ ITACA Software libre Aviso Legal 1) INFORMACI\u00d3N GENERAL. Para dar cumplimiento a lo establecido en la Ley 34\/2002, de 11 de julio, de servicios de la sociedad de la informaci\u00f3n y de comercio electr\u00f3nico, a continuaci\u00f3n se indican los datos de informaci\u00f3n general de este sitio web: Titular: \u00cdtaca Software Libre, Sociedade Cooperativa Galega","protected":false},"author":1,"featured_media":0,"parent":0,"menu_order":0,"comment_status":"closed","ping_status":"closed","template":"","meta":{"footnotes":""},"class_list":["post-3105","page","type-page","status-publish","hentry"],"_links":{"self":[{"href":"http:\/\/lentesdiverxentes.com\/index.php\/wp-json\/wp\/v2\/pages\/3105","targetHints":{"allow":["GET"]}}],"collection":[{"href":"http:\/\/lentesdiverxentes.com\/index.php\/wp-json\/wp\/v2\/pages"}],"about":[{"href":"http:\/\/lentesdiverxentes.com\/index.php\/wp-json\/wp\/v2\/types\/page"}],"author":[{"embeddable":true,"href":"http:\/\/lentesdiverxentes.com\/index.php\/wp-json\/wp\/v2\/users\/1"}],"replies":[{"embeddable":true,"href":"http:\/\/lentesdiverxentes.com\/index.php\/wp-json\/wp\/v2\/comments?post=3105"}],"version-history":[{"count":2,"href":"http:\/\/lentesdiverxentes.com\/index.php\/wp-json\/wp\/v2\/pages\/3105\/revisions"}],"predecessor-version":[{"id":3107,"href":"http:\/\/lentesdiverxentes.com\/index.php\/wp-json\/wp\/v2\/pages\/3105\/revisions\/3107"}],"wp:attachment":[{"href":"http:\/\/lentesdiverxentes.com\/index.php\/wp-json\/wp\/v2\/media?parent=3105"}],"curies":[{"name":"wp","href":"https:\/\/api.w.org\/{rel}","templated":true}]}}